{"id":388,"date":"2018-01-19T13:42:55","date_gmt":"2018-01-19T13:42:55","guid":{"rendered":"http:\/\/scow.website\/?page_id=388"},"modified":"2023-12-06T17:49:02","modified_gmt":"2023-12-06T17:49:02","slug":"anmeldung-zur-zuchtzulassungspruefung","status":"publish","type":"page","link":"https:\/\/whippet-windspielclub.ch\/?page_id=388","title":{"rendered":"Anmeldung zur ZuchtZulassungsPr\u00fcfung (ZZP)"},"content":{"rendered":"<p><span style=\"font-size: 18pt; color: #000000;\"><strong>Samstag, 13. April 2024 auf dem Gel\u00e4nde des SWRV in Rifferswil <br><\/strong><\/span><\/p>\n<p>L\u00e4ufige H\u00fcndinnen werden am Schluss der ZZP gepr\u00fcft.<br>Unter Bemerkung bitte vermerken, ob die H\u00fcndin l\u00e4ufig sein k\u00f6nnte.<\/p>\n<p><span style=\"text-decoration: underline; color: #99cc00;\"><strong>Anmeldung bitte korrekt und vollst\u00e4ndig ausf\u00fcllen und die Anh\u00e4nge nicht vergessen!<\/strong><\/span><\/p>\n<p>Sie werden rechtzeitig vor der ZZP \u00fcber die Pr\u00fcfungszeit und Anfahrt zum Pr\u00fcfungsgel\u00e4nde durch die WIG informiert!<\/p>\n<p>Die <a href=\"http:\/\/scow.website\/?page_id=398\">ZZP-Geb\u00fchr<\/a> ist vor der Anmeldung an den SCOW zu \u00fcberweisen und eine Kopie der Zahlungsbest\u00e4tigung ist der Anmeldung zwingend beizulegen!<\/p>\n<p>&nbsp;=&gt; Bei zu geringer Meldezahl kann die ZZP nicht durchgef\u00fchrt werden.<br>&nbsp;=&gt; Die maximale Meldezahl pro ZZP-Anlass betr\u00e4gt 16 Hunde.<\/p>\n<p>PostFinance AG:&nbsp;&nbsp; <br>IBAN =&gt; CH76 0900 0000 8719 1955 6 <br>Konto =&gt; 87-191955-6<br>BIC =&gt; POFICHBEXXX<br>Zahlungsweck:&nbsp;&nbsp;&nbsp; &nbsp; ZZP-Geb\u00fchr<\/p>\n<p>Der Organisator \u00fcbernimmt keine Haftung bei Sch\u00e4den durch Diebstahl, Entlaufen, Verletzungen oder Tod, usw. Der Teilnehmer haftet f\u00fcr alle mittelbaren und unmittelbaren Sch\u00e4den, die durch seinen Hund verursacht werden.<\/p>\n<h5><em><strong><u>Abmeldungen bis 5 Tage vor der ZZP sind kostenfrei! <br>Danach wird eine Unkostenpauschale von CHF 50.00 (pro Hund) f<\/u><\/strong><\/em><em><strong><u>\u00e4llig<\/u><\/strong><\/em><em><strong><u>.<\/u><\/strong><\/em><\/h5>\n<p><span style=\"font-size: 18pt; color: #ff0000;\"><strong>Meldeschluss: 1. M\u00e4rz 2024 <br><\/strong><\/span><\/p>\n\n<div class=\"wpcf7 no-js\" id=\"wpcf7-f385-o1\" lang=\"de-DE\" dir=\"ltr\" data-wpcf7-id=\"385\">\n<div class=\"screen-reader-response\"><p role=\"status\" aria-live=\"polite\" aria-atomic=\"true\"><\/p> <ul><\/ul><\/div>\n<form action=\"\/index.php?rest_route=%2Fwp%2Fv2%2Fpages%2F388#wpcf7-f385-o1\" method=\"post\" class=\"wpcf7-form init\" aria-label=\"Kontaktformular\" enctype=\"multipart\/form-data\" novalidate=\"novalidate\" data-status=\"init\">\n<fieldset class=\"hidden-fields-container\"><input type=\"hidden\" name=\"_wpcf7\" value=\"385\" \/><input type=\"hidden\" name=\"_wpcf7_version\" value=\"6.1.5\" \/><input type=\"hidden\" name=\"_wpcf7_locale\" value=\"de_DE\" \/><input type=\"hidden\" name=\"_wpcf7_unit_tag\" value=\"wpcf7-f385-o1\" \/><input type=\"hidden\" name=\"_wpcf7_container_post\" value=\"0\" \/><input type=\"hidden\" name=\"_wpcf7_posted_data_hash\" value=\"\" \/>\n<\/fieldset>\n<p><label> Mitglied im SCOW<br \/>\n<span class=\"wpcf7-form-control-wrap\" data-name=\"MitgliedSCOW\"><select class=\"wpcf7-form-control wpcf7-select wpcf7-validates-as-required\" aria-required=\"true\" aria-invalid=\"false\" name=\"MitgliedSCOW\"><option value=\"\">&#8211; Bitte ausw\u00e4hlen &#8211;<\/option><option value=\"Ja\">Ja<\/option><option value=\"Nein\">Nein<\/option><\/select><\/span> <\/label>\n<\/p>\n<p><span class=\"wpcf7-form-control-wrap\" data-name=\"Name\"><input size=\"40\" maxlength=\"400\" class=\"wpcf7-form-control wpcf7-text wpcf7-validates-as-required\" aria-required=\"true\" aria-invalid=\"false\" placeholder=\"Name\" value=\"\" type=\"text\" name=\"Name\" \/><\/span>\n<\/p>\n<p><span class=\"wpcf7-form-control-wrap\" data-name=\"Vorname\"><input size=\"40\" maxlength=\"400\" class=\"wpcf7-form-control wpcf7-text wpcf7-validates-as-required\" aria-required=\"true\" aria-invalid=\"false\" placeholder=\"Vorname\" value=\"\" type=\"text\" name=\"Vorname\" \/><\/span>\n<\/p>\n<p><span class=\"wpcf7-form-control-wrap\" data-name=\"Adresse\"><input size=\"40\" maxlength=\"400\" class=\"wpcf7-form-control wpcf7-text wpcf7-validates-as-required\" aria-required=\"true\" aria-invalid=\"false\" placeholder=\"Strasse Nr, PLZ Ort\" value=\"\" type=\"text\" name=\"Adresse\" \/><\/span>\n<\/p>\n<p><span class=\"wpcf7-form-control-wrap\" data-name=\"eMail\"><input size=\"40\" maxlength=\"400\" class=\"wpcf7-form-control wpcf7-email wpcf7-validates-as-required wpcf7-text wpcf7-validates-as-email\" aria-required=\"true\" aria-invalid=\"false\" placeholder=\"eMail\" value=\"\" type=\"email\" name=\"eMail\" \/><\/span>\n<\/p>\n<p><span class=\"wpcf7-form-control-wrap\" data-name=\"Telefon\"><input size=\"40\" maxlength=\"400\" class=\"wpcf7-form-control wpcf7-tel wpcf7-text wpcf7-validates-as-tel\" aria-invalid=\"false\" placeholder=\"Telefon\" value=\"\" type=\"tel\" name=\"Telefon\" \/><\/span>\n<\/p>\n<p>Angaben zum Hund\n<\/p>\n<p><span class=\"wpcf7-form-control-wrap\" data-name=\"NamedesHundes\"><input size=\"40\" maxlength=\"400\" class=\"wpcf7-form-control wpcf7-text wpcf7-validates-as-required\" aria-required=\"true\" aria-invalid=\"false\" placeholder=\"Name des Hundes\" value=\"\" type=\"text\" name=\"NamedesHundes\" \/><\/span>\n<\/p>\n<p><span class=\"wpcf7-form-control-wrap\" data-name=\"Wurfdatum\"><input size=\"40\" maxlength=\"400\" class=\"wpcf7-form-control wpcf7-text wpcf7-validates-as-required\" aria-required=\"true\" aria-invalid=\"false\" placeholder=\"Wurfdatum\" value=\"\" type=\"text\" name=\"Wurfdatum\" \/><\/span>\n<\/p>\n<p><span class=\"wpcf7-form-control-wrap\" data-name=\"SHSB-Nr\"><input size=\"40\" maxlength=\"400\" class=\"wpcf7-form-control wpcf7-text wpcf7-validates-as-required\" aria-required=\"true\" aria-invalid=\"false\" placeholder=\"SHSB-Nr\" value=\"\" type=\"text\" name=\"SHSB-Nr\" \/><\/span>\n<\/p>\n<p><span class=\"wpcf7-form-control-wrap\" data-name=\"Chip-Nr\"><input size=\"40\" maxlength=\"400\" class=\"wpcf7-form-control wpcf7-text wpcf7-validates-as-required\" aria-required=\"true\" aria-invalid=\"false\" placeholder=\"Chip-Nr\" value=\"\" type=\"text\" name=\"Chip-Nr\" \/><\/span>\n<\/p>\n<p><span class=\"wpcf7-form-control-wrap\" data-name=\"Bemerkung\"><textarea cols=\"40\" rows=\"10\" maxlength=\"2000\" class=\"wpcf7-form-control wpcf7-textarea\" aria-invalid=\"false\" placeholder=\"Bemerkung\" name=\"Bemerkung\"><\/textarea><\/span>\n<\/p>\n<p><label> Ahnentafel <span class=\"wpcf7-form-control-wrap\" data-name=\"Ahnentafel\"><input size=\"40\" class=\"wpcf7-form-control wpcf7-file wpcf7-validates-as-required\" accept=\".pdf,.jpg\" aria-required=\"true\" aria-invalid=\"false\" type=\"file\" name=\"Ahnentafel\" \/><\/span> <\/label><br \/>\n<label> Zahlungsbest\u00e4tigung <span class=\"wpcf7-form-control-wrap\" data-name=\"Zahlungsbestaetigung\"><input size=\"40\" class=\"wpcf7-form-control wpcf7-file wpcf7-validates-as-required\" accept=\".pdf,.jpg\" aria-required=\"true\" aria-invalid=\"false\" type=\"file\" name=\"Zahlungsbestaetigung\" \/><\/span> <\/label><br \/>\n<label> Weiteres Dokument <span class=\"wpcf7-form-control-wrap\" data-name=\"WeiteresDokument\"><input size=\"40\" class=\"wpcf7-form-control wpcf7-file\" accept=\".pdf,.jpg\" aria-invalid=\"false\" type=\"file\" name=\"WeiteresDokument\" \/><\/span> <\/label>\n<\/p>\n<p><label> Zustimmung zum Haftungsauschluss des Organisators<br \/>\n<span class=\"wpcf7-form-control-wrap\" data-name=\"Zustimmung\"><span class=\"wpcf7-form-control wpcf7-acceptance\"><span class=\"wpcf7-list-item\"><input type=\"checkbox\" name=\"Zustimmung\" value=\"1\" aria-invalid=\"false\" \/><\/span><\/span><\/span> <\/label>\n<\/p>\n<p><label> Rechenaufgabe:<br \/>\n<span class=\"wpcf7-form-control-wrap\" data-name=\"Rechenaufgabe\"><label><span class=\"wpcf7-quiz-label\">Was gibt 6 + 1?<\/span> <input size=\"40\" class=\"wpcf7-form-control wpcf7-quiz\" autocomplete=\"off\" aria-required=\"true\" aria-invalid=\"false\" type=\"text\" name=\"Rechenaufgabe\" \/><\/label><input type=\"hidden\" name=\"_wpcf7_quiz_answer_Rechenaufgabe\" value=\"08051399e3e08c7ed05a9e54c6134029\" \/><\/span> <\/label>\n<\/p>\n<p><input class=\"wpcf7-form-control wpcf7-submit has-spinner\" type=\"submit\" value=\"Senden\" \/>\n<\/p><p style=\"display: none !important;\" class=\"akismet-fields-container\" data-prefix=\"_wpcf7_ak_\"><label>&#916;<textarea name=\"_wpcf7_ak_hp_textarea\" cols=\"45\" rows=\"8\" maxlength=\"100\"><\/textarea><\/label><input type=\"hidden\" id=\"ak_js_1\" name=\"_wpcf7_ak_js\" value=\"125\"\/><script>document.getElementById( \"ak_js_1\" ).setAttribute( \"value\", ( new Date() ).getTime() );<\/script><\/p><div class=\"wpcf7-response-output\" aria-hidden=\"true\"><\/div>\n<\/form>\n<\/div>\n\n<p><span style=\"color: #0000ff;\"><strong>&nbsp;=&gt; HINWEIS: Sie erhalten nach dem Senden eine eMail-Kopie als Best\u00e4tigung !<\/strong><\/span><\/p>\n\n\n<p><\/p>\n","protected":false},"excerpt":{"rendered":"<p>Samstag, 13. April 2024 auf dem Gel\u00e4nde des SWRV in Rifferswil L\u00e4ufige H\u00fcndinnen werden am Schluss der ZZP gepr\u00fcft.Unter Bemerkung bitte vermerken, ob die H\u00fcndin l\u00e4ufig sein k\u00f6nnte. Anmeldung bitte&hellip;<\/p>\n","protected":false},"author":1,"featured_media":0,"parent":0,"menu_order":0,"comment_status":"closed","ping_status":"closed","template":"","meta":{"ngg_post_thumbnail":0,"footnotes":""},"class_list":["post-388","page","type-page","status-publish","hentry"],"_links":{"self":[{"href":"https:\/\/whippet-windspielclub.ch\/index.php?rest_route=\/wp\/v2\/pages\/388","targetHints":{"allow":["GET"]}}],"collection":[{"href":"https:\/\/whippet-windspielclub.ch\/index.php?rest_route=\/wp\/v2\/pages"}],"about":[{"href":"https:\/\/whippet-windspielclub.ch\/index.php?rest_route=\/wp\/v2\/types\/page"}],"author":[{"embeddable":true,"href":"https:\/\/whippet-windspielclub.ch\/index.php?rest_route=\/wp\/v2\/users\/1"}],"replies":[{"embeddable":true,"href":"https:\/\/whippet-windspielclub.ch\/index.php?rest_route=%2Fwp%2Fv2%2Fcomments&post=388"}],"version-history":[{"count":45,"href":"https:\/\/whippet-windspielclub.ch\/index.php?rest_route=\/wp\/v2\/pages\/388\/revisions"}],"predecessor-version":[{"id":5493,"href":"https:\/\/whippet-windspielclub.ch\/index.php?rest_route=\/wp\/v2\/pages\/388\/revisions\/5493"}],"wp:attachment":[{"href":"https:\/\/whippet-windspielclub.ch\/index.php?rest_route=%2Fwp%2Fv2%2Fmedia&parent=388"}],"curies":[{"name":"wp","href":"https:\/\/api.w.org\/{rel}","templated":true}]}}