{"id":421,"date":"2018-01-20T13:41:20","date_gmt":"2018-01-20T13:41:20","guid":{"rendered":"http:\/\/scow.website\/?page_id=421"},"modified":"2018-01-20T13:48:30","modified_gmt":"2018-01-20T13:48:30","slug":"info-ueber-den-ablauf-der-zuchtzulassungspruefung-zzp","status":"publish","type":"page","link":"https:\/\/whippet-windspielclub.ch\/?page_id=421","title":{"rendered":"Info \u00fcber den Ablauf der ZuchtZulassungsPr\u00fcfung (ZZP)"},"content":{"rendered":"<p><strong>&nbsp;Ganz WICHTIG und bitte unbedingt mitnehmen:<\/strong><\/p>\n<ul>\n<li><span style=\"color: #0000ff;\"><strong>Original-Ahnentafel Ihres Hundes<\/strong><\/span><\/li>\n<li><strong>Kopie der Zahlungsbest\u00e4tigung. Die Geb\u00fchren sind beim Zuchtwart oder dem <a href=\"http:\/\/scow.website\/?page_id=398\">Geb\u00fchrenreglement<\/a> zu erfahren.<\/strong><\/li>\n<\/ul>\n<p>Die genaue Wegbeschreibung und einen Plan, wie Sie zum Durchf\u00fchrungsort unserer ZZP kommen, finden Sie jeweils auf unserer Webseite oder ist bei unserem <a href=\"&#x6d;&#97;&#x69;&#x6c;&#116;&#x6f;&#58;z&#x75;&#99;h&#x74;&#119;a&#x72;&#116;&#64;&#x73;&#99;&#x6f;&#x77;&#46;&#x77;&#x65;&#98;&#x73;&#105;t&#x65;&#46;c&#x68;\">Zuchtwart<\/a> zu erfahren. Beim Eingang oder dem Clubhaus ist der Zeitplan angeschlagen.<\/p>\n<p>&nbsp;<\/p>\n<p><strong>Die K\u00f6r-Verhaltensbeurteilung besteht aus zwei Teilen:<\/strong><\/p>\n<ul>\n<li>SKG-Ausstellungsrichter beurteilen das Exterieur mit Gangwerk<\/li>\n<li>SKG-Wesensrichter beurteilen das Verhalten in friedlicher Situation<\/li>\n<\/ul>\n<p><strong>Bei der Verhaltensbeurteilung werden Sie zuerst befragt \u00fcber Alter, gegenw\u00e4rtige Lebensbedingungen und Haltungsverh\u00e4ltnisse Ihres Hundes.<\/strong><\/p>\n<p><strong>Im praktischen Teil wird im<\/strong> ersten Teil <strong>die Beziehung des Hundes zum Halter und zu Fremdpersonen gepr\u00fcft.<\/strong><\/p>\n<p>Im zweiten Teil <strong>das Verhalten gegen\u00fcber optischen, taktilen und akustischen Einfl\u00fcssen.<\/strong><\/p>\n<p>Im dritten Teil <strong>wird noch die Hetzfreude getestet, sofern der Hund noch keine Renn- oder Coursinglizenz besitzt.<\/strong><\/p>\n<p><span style=\"font-size: 12pt; font-family: georgia, palatino, serif;\"><strong>&nbsp;<\/strong><\/span><\/p>\n<p><strong>Wichtig f\u00fcr alle Teilnehmer an dieser Verhaltensbeurteilung:<\/strong><span style=\"font-size: 12pt; font-family: georgia, palatino, serif;\"><strong><br \/>\n<\/strong><\/span><\/p>\n<ul>\n<li>Der Hund sollte im eingez\u00e4unten Gel\u00e4nde freigelassen werden.<\/li>\n<li>Im eingez\u00e4unten Gel\u00e4nde, wo die Verhaltensbeurteilung stattfindet, d\u00fcrfen sich keine anderen Hunde aufhalten.<\/li>\n<li>Teilnehmer und Zuschauer sollten sich nur am Rande vom Gel\u00e4nde in der N\u00e4he des Ein- \/ Ausgans aufhalten. Bitte keine \u201eGutzis\u201c in den Taschen dabei haben, auch die Vorf\u00fchrer nicht !<\/li>\n<li>Wenn der Besitzer mit dem zu pr\u00fcfenden Hund im Gel\u00e4nde ist, sollten sich dem Hund bekannte Personen (Familienmitglieder) ausserhalb vom eingez\u00e4unten Gel\u00e4nde aufhalten, sonst l\u00e4sst sich der Hund ev. ablenken.<\/li>\n<li>Bitte die Hunde gem\u00e4ss dem Zeitplan recht- respektive fr\u00fchzeitig und vers\u00e4ubert bereithalten, da Zeitverschiebungen jederzeit m\u00f6glich sind.<\/li>\n<li>F\u00fcr das Verhalten gegen\u00fcber Fremdpersonen, ben\u00f6tigen wir Personen die uns dabei helfen, aber den zu pr\u00fcfenden Hund nicht n\u00e4her kennen. Besten Dank f\u00fcr Ihre Mithilfe.<\/li>\n<\/ul>\n<p><span style=\"font-size: 12pt; font-family: georgia, palatino, serif;\"><strong>&nbsp;<\/strong><\/span><\/p>\n<p><span style=\"text-decoration: underline;\">Abbruchkriterien der K\u00f6r-Verhaltensbeurteilung:<br \/>\n<\/span>&nbsp;&#8211; Ausgepr\u00e4gte \u00c4ngstlichkeit, Ausbrechen und Flucht (gleichzeitig Zuchtausschluss)<br \/>\n&nbsp;&#8211; Ausgepr\u00e4gtes Aggressionsverhalten sowie Schreckhaftigkeit (gleichzeitig Zuchtausschluss)<br \/>\n&nbsp;&#8211; Verletzung w\u00e4hrend der KVB (gleichzeitig Zur\u00fcckstellung)<br \/>\n&nbsp;&#8211; Massive Ablenkung (gleichzeitig Zur\u00fcckstellung)<\/p>\n<p><span style=\"text-decoration: underline;\">Zur\u00fcckweisung \/ Zur\u00fcckstellung:<br \/>\n<\/span>&nbsp;&#8211; Offensichtliche Hinweise auf akute Erkrankung oder Verletzung<br \/>\n&nbsp;&#8211; \u201efalsche\u201c Vorf\u00fchrperson<br \/>\n&nbsp;&#8211; Unreife<br \/>\n&nbsp;&#8211; Fragliche Identit\u00e4t<\/p>\n<p>L\u00e4ufige H\u00fcndinnen werden am Schluss der KVB gepr\u00fcft.<\/p>\n<p><strong>Weder der SCOW noch der WR haften bei Sch\u00e4den durch Diebstahl, Entlaufen, Verletzungen oder Tod, usw. Der Teilnehmer haftet f\u00fcr alle mittelbaren und unmittelbaren Sch\u00e4den, die durch seinen Hund verursacht werden.<\/strong><\/p>\n","protected":false},"excerpt":{"rendered":"<p>&nbsp;Ganz WICHTIG und bitte unbedingt mitnehmen: Original-Ahnentafel Ihres Hundes Kopie der Zahlungsbest\u00e4tigung. Die Geb\u00fchren sind beim Zuchtwart oder dem Geb\u00fchrenreglement zu erfahren. Die genaue Wegbeschreibung und einen Plan, wie Sie&hellip;<\/p>\n","protected":false},"author":1,"featured_media":0,"parent":0,"menu_order":0,"comment_status":"closed","ping_status":"closed","template":"","meta":{"ngg_post_thumbnail":0,"footnotes":""},"class_list":["post-421","page","type-page","status-publish","hentry"],"_links":{"self":[{"href":"https:\/\/whippet-windspielclub.ch\/index.php?rest_route=\/wp\/v2\/pages\/421","targetHints":{"allow":["GET"]}}],"collection":[{"href":"https:\/\/whippet-windspielclub.ch\/index.php?rest_route=\/wp\/v2\/pages"}],"about":[{"href":"https:\/\/whippet-windspielclub.ch\/index.php?rest_route=\/wp\/v2\/types\/page"}],"author":[{"embeddable":true,"href":"https:\/\/whippet-windspielclub.ch\/index.php?rest_route=\/wp\/v2\/users\/1"}],"replies":[{"embeddable":true,"href":"https:\/\/whippet-windspielclub.ch\/index.php?rest_route=%2Fwp%2Fv2%2Fcomments&post=421"}],"version-history":[{"count":6,"href":"https:\/\/whippet-windspielclub.ch\/index.php?rest_route=\/wp\/v2\/pages\/421\/revisions"}],"predecessor-version":[{"id":429,"href":"https:\/\/whippet-windspielclub.ch\/index.php?rest_route=\/wp\/v2\/pages\/421\/revisions\/429"}],"wp:attachment":[{"href":"https:\/\/whippet-windspielclub.ch\/index.php?rest_route=%2Fwp%2Fv2%2Fmedia&parent=421"}],"curies":[{"name":"wp","href":"https:\/\/api.w.org\/{rel}","templated":true}]}}